 30. Suppose 2*x = -x + g. What are the prime factors of x?
2
List the prime factors of 11295/85 - 8/(-68).
7, 19
Suppose 0 = 4*i - 12 - 4. Suppose -i = -4*m + 28. Let v(d) = d + 5. What are the prime factors of v(m)?
13
Let n be -2 + (-2 + 0 - -9). Suppose -4*t + 0*p + 78 = -3*p, -4*p = -n*t + 98. What are the prime factors of t?
2, 3
Let i be 5*(-3 + (-34)/(-10)). Suppose -5*k = o + 11, 2*k - i*o + o = -3. Let f = 4 + k. List the prime factors of f.
2
Let f = -23 + 27. List the prime factors of f.
2
Let d(x) = -x**3 - x**2 + 4*x + 3. Suppose 12 = -2*t - 2*t. Let l be d(t). Let f = l + -3. What are the prime factors of f?
2, 3
Suppose -35 = 5*g - 195. What are the prime factors of g?
2
Let r = 8 + 114. List the prime factors of r.
2, 61
Let y be 6/21 + (-38)/(-14). Let n(i) = 8*i**y + 2*i**2 - 2 - 2*i + 3 + 0. List the prime factors of n(1).
3
Let v = 182 - 36. List the prime factors of v.
2, 73
Let d(w) = w**3 - 4*w**2 + w - 1. Let x be d(4). List the prime factors of 3*(3 - (-2 + x)).
2, 3
Let w be (2 - 1)/((-4)/(-12)). Suppose 56 = p + w*p. What are the prime factors of p?
2, 7
Let x = 9 + -5. Suppose -x*v = v. Suppose 4 = -v*z + 2*z. What are the prime factors of z?
2
Suppose -8*u + 757 = -131. What are the prime factors of u?
3, 37
Suppose -5*m = -m - 136. What are the prime factors of m?
2, 17
Let l be -1 - (0 - -61)*-1. Let z = -35 + l. Suppose d - f - 7 = 0, 9*d = 4*d + 3*f + z. List the prime factors of d.
2
Let k(w) be the third derivative of w**6/120 + w**5/10 + w**4/4 + 2*w**2. Let i be k(-5). Let h = 9 + i. List the prime factors of h.
2
Suppose 13 = w - 3*y, 1 = -2*w - 3*y - 0*y. List the prime factors of w + -2 - (1 + -9).
2, 5
Suppose -1580 = 8*y - 13*y. List the prime factors of y.
2, 79
Let z(t) = t - 1. Let x be z(6). Let j(s) = -s**2 + 6*s + 1. List the prime factors of j(x).
2, 3
Let r = -190 - -342. List the prime factors of r.
2, 19
Let l(g) = g**2 - 9*g - 4. What are the prime factors of l(12)?
2
Suppose 0 = 6*g - 10*g + 256. What are the prime factors of g?
2
Let s be -1*(13/(-1) + -3). Suppose 2*b + 2*b - s = 0. List the prime factors of b.
2
Let b be ((-2)/4)/((-2)/8). Suppose b*w - 10 + 0 = 4*r, w = -5*r - 23. Let y(p) = p**2 + p - 2. List the prime factors of y(r).
2, 5
Suppose 0 = 2*d - 7*d + 910. What are the prime factors of d?
2, 7, 13
Let b be 2*(171/6)/3. Let n = b + -8. List the prime factors of n.
11
Let f(k) = -k**3 - 6*k**2 + 2. Let n be f(-6). Suppose n*m + 0*m = 44. List the prime factors of m.
2, 11
Let h(r) = -r + 65. What are the prime factors of h(0)?
5, 13
Let l(q) be the third derivative of q**5/60 - q**3/6 - q**2. Let x = 51 + -54. List the prime factors of l(x).
2
Let v = 118 + -65. What are the prime factors of v?
53
Let a = -564 - -826. List the prime factors of a.
2, 131
Suppose 0*b = b + 5*w - 15, 0 = 4*w - 12. Suppose -38 = -2*i - b*i. What are the prime factors of i?
19
Let s be (-37 - 1)/1 + 0. Let m = s - -53. What are the prime factors of m?
3, 5
Let n be (-1)/(4/(-32)*2). What are the prime factors of 69/n + (-3)/(-4)?
2, 3
Let p = 28 + 34. Suppose -2*g - 4 + 32 = t, -t = -4*g + p. What are the prime factors of g?
3, 5
Suppose -4*y - 264 = -4*a, -4*a - 3*y - y = -232. List the prime factors of a.
2, 31
Let p(f) = -23*f**3 - f**2 - 2*f - 1. Let s be p(-1). Suppose 3 - s = -2*u. List the prime factors of u.
2, 5
Let a(r) = r - 1. Let h be a(-2). Let v(t) = t**2 + t - 3. Let z be v(h). Suppose n + 4 = -1, 2*n = -z*i + 2. What are the prime factors of i?
2
Suppose t - 4 = 1. Let d = t + 3. List the prime factors of d.
2
Suppose 0 = -2*g + 4*g. Suppose 114 = 2*n - g*n. List the prime factors of n.
3, 19
Suppose 2*y - 140 + 28 = 0. Suppose -3 - y = -n. What are the prime factors of n?
59
Let n(w) = -w**3 - 9*w**2 - 7*w + 10. Let u be (1/1)/((-8)/64). Let g be n(u). Suppose 10 = -g*b, 4*b = -2*h + 5*h - 35. List the prime factors of h.
5
Suppose 4*q = 3*o + 60, 4*q - 41 = o + 11. What are the prime factors of q?
2, 3
Suppose -41*l = -37*l - 1188. What are the prime factors of l?
3, 11
Let g be 34/(-2)*(0 + -1). Suppose c + g = 2*o, 0 = -o - 0*o - 2*c + 6. What are the prime factors of o?
2
Suppose 2*u = u + 86. What are the prime factors of u?
2, 43
Let t = 1 + 5. Suppose -t*d + 2*d + 64 = 0. What are the prime factors of d?
2
Let a(s) = -2*s**3 - 3*s**2 - 3*s - 1. Let h be a(-3). Suppose 4*x = h + 1. Suppose -2*n = -9 - x. List the prime factors of n.
3
Let v(h) = -4*h + h**2 + 3 + 5 - 3. Suppose -z + i = -2, -1 = -3*z + 4*i + 3. List the prime factors of v(z).
5
Let k(t) = 66*t**3 - t**2 + t - 1. What are the prime factors of k(1)?
5, 13
Suppose 4*i - 24 = -2*n, -4*i = 2*n - i - 19. Let y be 7 - (-6)/(-3) - n. List the prime factors of y - 0*(-2)/4.
3
Let c be 9*(0 - 1 - 2). What are the prime factors of (-1152)/c + 2/(-3)?
2, 3, 7
Suppose -m - 8 = -w, 2*w + 0*w = 5*m + 31. Suppose 4 = 2*h - 5*x, w*h - 5*x - 21 + 10 = 0. What are the prime factors of h?
7
Suppose -3*v + v - 40 = -2*y, -22 = v + y. What are the prime factors of (322/v)/(4/(-6))?
23
Suppose 0 = -2*r - 2*k - 46, -3*k = -5*r - 67 - 48. Let x = r + 39. Suppose 4*b - 16 - x = 0. What are the prime factors of b?
2
Suppose u + 5*h - 3 = 0, u - 3*h = -h + 10. Suppose 0 = -5*i - u + 48. List the prime factors of i.
2
Let x = 117 - 115. Let l(c) = c**2 + 4*c + 4. Let i be l(-4). Suppose x*d = 6, 2*f = 5*d - 15 + i. What are the prime factors of f?
2
Suppose 3*t = -0*c - 3*c + 93, -2*t = 4*c - 116. Suppose -4*k - c = -163. List the prime factors of k.
2, 17
Let h(n) = n - 6. Let v be h(8). Let r be v/5 + 8/5. Suppose 6 = 4*f - r. What are the prime factors of f?
2
Let p = -10 - -11. Let l be p/(-2) - (-9)/2. Suppose -l*t + 13 = 1. List the prime factors of t.
3
Suppose -2*b + 7 - 1 = 4*s, -4*s = -3*b - 31. Let h be (2/(-4))/(s/(-72)). List the prime factors of h - 3 - (-2 + 3).
5
Suppose h + 3*i + 0 = 4, 0 = 5*h - 2*i + 14. Let n(s) = 3*s**2 - s + 1. List the prime factors of n(h).
3, 5
What are the prime factors of ((-9)/5 - -1)/(46/(-4025))?
2, 5, 7
Let t be 2/8 - (-33)/12. Let q = 5 - 5. Let v = t + q. List the prime factors of v.
3
Suppose -5*o - 2*k + 232 = 0, 3*k + 2*k = -4*o + 172. What are the prime factors of o?
2, 3
Let w be ((-3)/(-2))/((-18)/48). Let c = 7 - w. List the prime factors of c.
11
Let q = -20 - -36. Let i(c) = -c**3 + 7*c**2 - 5*c - 5. Let g be i(6). List the prime factors of (q - -2)*g + -3.
3, 5
Let y(l) = l**3 - l**2 - l. Let f be y(2). Suppose 2*d - 10 - 42 = 0. Suppose 4*z - d = f. What are the prime factors of z?
7
Let m = -39 + 86. What are the prime factors of m?
47
Let f(p) = p**2 - 5*p - 7. Suppose 40 = 2*q + 2*q. Let h be (-5)/(q/(-16)) + -1. List the prime factors of f(h).
7
Let s = -32 + 63. What are the prime factors of s?
31
Let u(n) = -n**2 - 3*n - 2. Let r be u(-2). Suppose r = -2*b - 3 + 41. What are the prime factors of b?
19
Let q = -2 - 6. Let k = q + 14. Suppose -13 = -n - k. What are the prime factors of n?
7
Suppose 10*z = 5*z + 165. What are the prime factors of z?
3, 11
Suppose 7 = x + 2, 2*x - 4 = 2*d. Suppose -2*a + 39 = i, -d*i - 21 = -a + 16. What are the prime factors of a?
2, 11
Suppose -210 = -8*n + 3*n. List the prime factors of n.
2, 3, 7
Let m(x) = -x + 13. Suppose 4*w = 6 + 2. Suppose 3*s - u + 4 = 33, -w*s + 3*u = -24. List the prime factors of m(s).
2
Let z = 11 - 30. Let h = z - -31. What are the prime factors of h?
2, 3
Let f be (-1)/5 + (-52)/(-10). Let l = 16 - f. Suppose -5*j + 14 = -l. List the prime factors of j.
5
Let a(u) = -18*u - 5. What are the prime factors of a(-2)?
31
Let g = 16 + -38. Suppose -4*t - t = -180. Let a = g + t. List the prime factors of a.
2, 7
What are the prime factors of 5/(-2)*(-3)/((-105)/(-154))?
11
Let z be (3 - 2)/(-1)*-31. Suppose 4*g - 23 = 4*v - 3*v, 5*g = -v + z. What are the prime factors of g/10 + 22/5?
5
Suppose -8*j = -j - 770. List the prime factors of j.
2, 5, 11
Let w = 0 - 3. What are the prime factors of w/9 + 44/6?
7
Let x = 286 - 163. What are the prime factors of x?
3, 41
Suppose -5*i + 20 = 5*j, 0*j - 4 = 4*i - j. Suppose -5*a + 103 = -v, i = 4*a - 0*a - v - 82. List the prime factors of a.
3, 7
Suppose -5*w - 3*o + 12 = -4*w, 2*o = 6. Suppose 0 = -2*h - 5*b - 5, 3*h + w*b = 5*b + 21. Let i(x) = x**2 - 4*x - 3. Wha